w**2 - 2*w**2 - w. List the prime factors of n(a).
2
Let u(q) = 2*q**2 + 6*q + 36. List the prime factors of u(-10).
2, 11
Let c(l) = 3*l + 4. List the prime factors of c(1).
7
List the prime factors of 64/10 + (-7)/(35/2).
2, 3
Suppose -28 = -5*i + 17. Let t be (-2)/(-3) - (-3)/i. What are the prime factors of -2 + 5 - (-1)/t?
2
Let b(d) = 7*d**2 - 4*d - 3. Let a be b(-2). Suppose -j = -a + 1. Let u = -21 + j. List the prime factors of u.
11
Let z = 1 - -3. Suppose -4*t - 114 = -5*l - 8*t, 4*l + z*t = 92. List the prime factors of l.
2, 11
Let c(k) = 30*k**2 + 3*k - 7. List the prime factors of c(2).
7, 17
Let k(b) = -b - 1. Let t = 16 - 11. Suppose t*j + 9 = 2*j. What are the prime factors of k(j)?
2
Let j(x) = -10*x**3 + 1 - 2*x + 1 - 3 + 0*x - 2*x**2. Let m = 0 + -1. What are the prime factors of j(m)?
3
Let j(q) be the third derivative of q**5/60 + q**4/3 + 2*q**3 - 3*q**2. What are the prime factors of j(-11)?
3, 5
Suppose 7*t = -34 + 209. List the prime factors of t.
5
Let s(o) = o + 3. Let z be s(8). Suppose z*d - 14*d + 42 = 0. What are the prime factors of d?
2, 7
Let l be 1/((8/6)/4). Let q(j) = j**3 - 2*j**2 + 3*j - 3. Let u be q(l). Suppose -o + u = 4*z + z, 2*o - 3*z = 4. What are the prime factors of o?
5
What are the prime factors of ((-212)/20)/((-2)/10)?
53
Let w = 22 + -14. Let s(o) = -3 + w + o + 0*o. What are the prime factors of s(6)?
11
Let b be 5*6/15 + -4. Let v(g) = -3*g**3 - g**2 + 2. List the prime factors of v(b).
2, 11
Let n be (-21)/2*12/(-9). Let r = n + 24. What are the prime factors of r?
2, 19
Suppose 4*q - 416 = 276. What are the prime factors of q?
173
Let j(b) = b**2 - 3*b - 7. Suppose r + 2 = -q + 4, q + 6 = -3*r. List the prime factors of j(q).
11
Let x = -34 + 200. List the prime factors of x.
2, 83
Suppose -4*a - z = -253 - 394, -2*a + 341 = -3*z. What are the prime factors of a?
163
Let b(i) = i**3 - i**2 + i + 2. Let c be b(0). What are the prime factors of (-3 - -10) + (1 - c)?
2, 3
List the prime factors of (-16 + -2 + -2)*-2.
2, 5
Let r be (-914)/(-4) - (-1)/(-2). List the prime factors of ((-1)/(-4))/(3/r).
19
Let a(z) = z + 5. Let g be a(0). Let f be (-2 + 1 - 0)*-10. List the prime factors of 12/g - 4/f.
2
Suppose -u - 3 + 10 = 0. Let z = u + 0. List the prime factors of z.
7
Suppose 2*k + 3*k - 5*q = 480, -q + 399 = 4*k. Suppose 0 = c - 3*c - 3*r + k, c - 46 = 2*r. Suppose 5*j - c = j. What are the prime factors of j?
2, 3
Let f(g) = 7*g**2 + 2*g - 2. What are the prime factors of f(-3)?
5, 11
Let x be ((-3 - -2)*0)/2. Let s be (-8 - -3)/((-2)/4). Let z = s - x. List the prime factors of z.
2, 5
Suppose 0 = -2*a + 4*a + 2*w - 144, 5*a - w - 330 = 0. What are the prime factors of a?
67
Let l(d) = 6*d - 9. Let q(i) = 3*i - 4. Let f(a) = -6*l(a) + 13*q(a). What are the prime factors of f(4)?
2, 7
Let y be (9/6)/(-3)*-4. Suppose 0 = -4*x - z + 23, -y*x + 1 = -z - 6. List the prime factors of x.
5
Suppose -4*x + 2 = -2. Let g be 1*1*(x + 12). Suppose -3*v = u - 0 + 3, -3*u + g = -2*v. What are the prime factors of u?
3
Suppose -3*p - 3*b + 12 = 0, 0*b = 3*p - b - 20. Suppose -3*d + 45 = -3*o, 5*d + p*o = 3*o + 59. Suppose 4*c - 3 - d = 0. List the prime factors of c.
2
Suppose 2*u = u. Let k(c) = -5 + 0*c - c - c**2 + 4 + 15. What are the prime factors of k(u)?
2, 7
What are the prime factors of (-95)/(-2) + (-6)/12?
47
Let y = 160 - 80. List the prime factors of y.
2, 5
Let a = -151 - -237. What are the prime factors of a?
2, 43
Suppose -5*l = -r + 9, r - 4*l + 3*l = 13. Let d = r - 6. List the prime factors of d.
2
Let q(i) be the first derivative of -1/2*i**2 + 8*i + 2. What are the prime factors of q(0)?
2
Suppose u + 10 = 2*z - 0*u, 4*z + 4*u - 8 = 0. Suppose -f - 6*l = -l, 0 = 4*l + z. Suppose 0 = -f*d - 9 + 34. What are the prime factors of d?
5
Let x(o) = o**3 + 6*o**2 + 7*o + 5. Let m(s) be the first derivative of -s**2 + 2*s - 2. Let q be m(3). List the prime factors of x(q).
3
Let q(z) = z**2 + 5*z + 1. Suppose -r = v + 2*r - 6, -v - 5*r = -14. List the prime factors of q(v).
7
Suppose 3*b = -d + 4, -4*d - 4*b = -15 - 1. Let i(q) = d*q - 7*q + 6 + 2*q**2 - 7*q. What are the prime factors of i(6)?
2, 3
Suppose 3*f - 101 = -26. Let j = -16 + f. List the prime factors of j.
3
Suppose -5*c + 4*f = -203, 0 = 3*c + 5*f - 62 - 82. List the prime factors of c.
43
Let z(i) = 7*i + 17. Let k(j) = 4*j + 9. Let o(w) = -5*k(w) + 3*z(w). Let u be o(-5). List the prime factors of 1 + 0 + 0 + u.
2
Suppose -3*h - 4*k - 31 = -8*h, -5*h + 33 = -2*k. Suppose 0 = 3*d - 9, -2*i = -3*d + 2*d + h. What are the prime factors of 26/(-4)*1*i?
13
Let i(j) = j. Let g be i(8). Let f(o) = o**2 - 8*o + 9. List the prime factors of f(g).
3
Suppose -5 = 3*o - 20. List the prime factors of o.
5
Let p be (-63)/14*(-8)/(-3). Let w = 20 + p. List the prime factors of w.
2
Let y(g) = -g + g**2 + 12 - 4*g**2 + 4*g + 2*g**2. What are the prime factors of y(5)?
2
Suppose v - 3*v + 3*d = -287, 0 = 5*v + 5*d - 655. What are the prime factors of v?
2, 17
Let f(j) be the second derivative of j**4/12 - 4*j**3/3 + 4*j. List the prime factors of f(10).
2, 5
Let m(p) = p**3 + 4*p**2 - 7*p - 7. What are the prime factors of m(-5)?
3
Let r = 16 - 17. What are the prime factors of (-2)/r - (-2 + -6)?
2, 5
Suppose -4*v + 2*c + 14 = 0, -5*v + 7 = -2*c - 9. Suppose 4*r - 14 = -v*k + 6, 0 = -3*k - 2*r + 34. Suppose -2*w = -w - k. What are the prime factors of w?
2, 3
Let b be (-3)/((-3)/13) + -3. Let n(a) = -a**2 + 11*a + 9. List the prime factors of n(b).
19
Let f = -26 + 40. List the prime factors of f.
2, 7
Suppose -5*k = 5*c - 5, 2*k - 4 = -4*c + 4. Let d be ((-11)/c)/((-1)/3). Let x = d + -5. What are the prime factors of x?
2, 3
Let b be 13 + (-3 - 0) - 2. List the prime factors of (b/1 - 2) + -2.
2
Suppose -29 = -2*p + 37. Suppose 3*m = 24 + p. What are the prime factors of m?
19
Let g be ((-42)/5)/((-3)/10). Suppose 4*y = 5*m + g, -5*y = 5*m + 24 - 104. What are the prime factors of y?
2, 3
Suppose w + 753 = 4*w. What are the prime factors of w?
251
Let a(o) = -3*o - 4. Let x be a(-7). Let m = x - 10. Let z = m + -3. What are the prime factors of z?
2
Suppose -8*y = -y - 693. List the prime factors of y.
3, 11
Suppose 3*w + w = 408. What are the prime factors of w?
2, 3, 17
Let x(a) = -6*a + 1. Let g(p) = -p + 3. Let d be g(7). Let w = d - -2. What are the prime factors of x(w)?
13
Suppose 0*u + 3*u - 15 = 0. Suppose -u*b - 4*f + 20 = -b, 35 = 3*b - 2*f. What are the prime factors of 22/6 - 6/b?
3
Let y(g) = -g**3 - 2*g**2 - 2*g - 4. Let d(t) = -t**2 - 1. Suppose 0 = 4*o - 2 - 2. Let z(v) = o*y(v) - 2*d(v). What are the prime factors of z(-2)?
2, 5
Let m = -92 - -164. Suppose 2*k - 4*t - m = 0, 0*k - 3*t + 36 = k. Suppose 0 = -2*f - 2*f + k. List the prime factors of f.
3
Let z(q) = 4*q + 1. Let c be z(-2). Let b(v) = v + 6 - 7 + 11. List the prime factors of b(c).
3
Suppose 11 = 3*r - 7. What are the prime factors of 88/r + 4/(-6)?
2, 7
Suppose -x - 2*x = 3, 3*m - 74 = 5*x. Suppose 5*b - 2*v - 73 = -m, 5*v = -5*b + 85. What are the prime factors of b?
2, 3
Suppose 0 = -5*z - 2*f + 211, -z - 4*f + 58 - 23 = 0. What are the prime factors of z?
43
Let s(c) = 13*c - 6. Let d be s(6). Suppose -d = -3*m - 21. List the prime factors of m.
17
Let t(c) = -3*c + 2*c + 2*c - 4*c + 6*c**2 - 3. Let x be t(-2). Let k = x + -16. List the prime factors of k.
11
Let k = -23 - -35. What are the prime factors of k/15 + (-152)/(-10)?
2
Let p = 983 + -628. What are the prime factors of p?
5, 71
Let r(m) be the second derivative of 4*m**3/3 - m. Let z be ((-4)/3)/4*-3. What are the prime factors of r(z)?
2
Suppose -4*x + 17 = -7. Suppose -x*c = -5*c. Suppose v - 9 - 2 = c. List the prime factors of v.
11
Let h be (-18)/(-63) - 284/14. Let j = 33 + h. What are the prime factors of j?
13
Let r = -105 + 401. List the prime factors of r.
2, 37
Let s(i) = 2*i**2 + 37*i - 25. What are the prime factors of s(-22)?
3, 43
Let i(q) = 3*q**2 - q + 2. What are the prime factors of i(-3)?
2
Let d(a) = -a**2 + 21*a. List the prime factors of d(13).
2, 13
Suppose 0 = u + 4*u - 975. Let p = 117 - u. List the prime factors of p/(-6) + -3 + 1.
11
Let s = 204 - 127. What are the prime factors of s?
7, 11
Let b(a) = -a**2 + 10*a - 7. Let i be b(9). Suppose 0 = 3*l - 2*x 